4/(z/(-85) - (-2)/(-5)).
37
Let g(f) = f**2 + 16*f + 28. Let x be g(-14). Suppose x = 5*y + 3*y + 8. List the prime factors of 271 + (y - 1 - -4).
3, 7, 13
Let l(y) = y**2 - 9*y + 17. Let v be l(7). Let k(i) = -2*i**2 - i + 6. Let n be k(v). List the prime factors of (48/n - -2)/(1/(-85)).
2, 3, 17
Suppose 0 = 7*z - 8*z + 113. Suppose k = 5, -5*y = -6*y - k + z. List the prime factors of y.
2, 3
Suppose 0 = -22*b - 88*b + 234300. What are the prime factors of b?
2, 3, 5, 71
Let z(h) be the third derivative of h**4/12 - 11*h**3/3 - 17*h**2. Let m be z(12). Suppose m*o = -o + 81. What are the prime factors of o?
3
Let u be (9/((-81)/30))/((-2)/501). Let a = u - 451. What are the prime factors of a?
2, 3
Suppose 78*i - 404928 - 109247 = 397489. List the prime factors of i.
2, 3, 487
Let g(j) = 191*j - 108. Let i(k) = -380*k + 212. Let y(v) = -5*g(v) - 3*i(v). What are the prime factors of y(8)?
2, 173
Let y = 3713 + -2540. Let p = 1770 - y. What are the prime factors of p?
3, 199
Let h = -468 + -83. What are the prime factors of (7 - h - 1) + -6?
19, 29
Let c(w) = 2*w**2 - 36*w - 4. Let a be c(19). Let h = a + 152. List the prime factors of h.
2, 3, 31
Suppose 2*x - x = -s + 29, -52 = -2*s - 4*x. Suppose -s = 34*c - 30*c. Let u = c + 18. List the prime factors of u.
2, 5
Let b(t) = t**2 + 6*t - 12. Let d be b(-6). Let s(p) = -32*p + 26. List the prime factors of s(d).
2, 5, 41
Suppose 16*u + 18850 - 117010 - 102656 = 0. What are the prime factors of u?
7, 11, 163
Let g(p) = -p**2 - 20*p + 29. Let j be g(-21). Let s = j - 10. List the prime factors of s*(-1)/(-3) + (-888)/(-9).
2, 7
Let g(i) = -3*i**3 + 84*i**2 - 25*i - 38. List the prime factors of g(15).
2, 37, 113
Let d(n) = -2*n**2 + 24*n + 35. Let s(c) = c**2 - 16*c - 23. Let j(w) = -5*d(w) - 8*s(w). Let l(m) = -9*m + 63. Let r be l(8). List the prime factors of j(r).
3, 11
Suppose 17*x - 310 = 7*x. Suppose -49*y + 792 = -x*y. What are the prime factors of y?
2, 11
Let t(r) = r**3 - 22*r**2 - 20*r - 64. Let q be t(23). Let z(g) = 10 - 3 - q*g + 1 + 11*g**2. What are the prime factors of z(3)?
2, 23
Let s(h) = 99*h**2 - 120*h + 7. List the prime factors of s(16).
23431
Let v be (-2)/(-2)*1 + 4 + -1. Suppose -v*z = o + 1 - 6, -z + 4*o = -14. Suppose -4*w = 2*d - 496, -d - z + 6 = 0. What are the prime factors of w?
2, 61
Let r = -5 - -61. Let t = -92 + r. List the prime factors of ((-16)/(-3))/((-150)/t + -4).
2
Suppose v - 34581 = -5*m, -4*v - 2*m = -181594 + 43378. List the prime factors of v.
3, 11, 349
List the prime factors of 77/21*3 - -999.
2, 5, 101
What are the prime factors of ((-32)/32)/(20/(-56))*11885?
2, 7, 2377
Let z(u) = u**2 + 179*u + 44216. List the prime factors of z(0).
2, 5527
What are the prime factors of ((-528)/(-18) - 5)/(2/330 + 0)?
5, 11, 73
Suppose -4336*c + 4345*c = 174573. List the prime factors of c.
7, 17, 163
Let l(r) = r**3 + 6*r**2 - r - 3. Suppose 20*s = 26*s + 72. Let v be 54/(-24)*(-32)/s. List the prime factors of l(v).
3
Let u = -12678 + 22814. What are the prime factors of u?
2, 7, 181
Let s = 54 + -46. Suppose 0 = 5*c + 5*d + 25, 3*c - c = -4*d - s. What are the prime factors of (-18)/(-3)*(-74)/c?
2, 37
Let m = 1027 + -925. What are the prime factors of m?
2, 3, 17
Suppose 7*g + 0*g = -10150. Let c = -967 - g. List the prime factors of c.
3, 7, 23
Let c be (6 - 1)*(1 + -4 + 2). Let y be (-14)/(c - -3)*(-14)/(-49). Suppose 2*d - 330 = 4*l, l = 5*d + y*l - 792. List the prime factors of d.
3, 53
Suppose -4*y + 44 = -4*h, -1 = h - 2. Suppose y = -3*j - 3, -2*i = 3*j + 23. Let d(c) = -c**3 + 3*c**2 - 10*c - 22. What are the prime factors of d(i)?
2, 5, 13
Suppose -6*r + 16*r - 2580 = 0. Let u = -96 + r. What are the prime factors of u?
2, 3
Let l be (45/42 + -1)*14. List the prime factors of (8/(-48))/(l/(-3246)).
541
Let g = 706 - -241. List the prime factors of g.
947
Let d = 5 - 3. Suppose -56*q - 12 = -59*q. Suppose 6*b + 4*g - 28 = 2*b, q*b - d*g = 46. List the prime factors of b.
2, 5
Let n(j) = -6*j - 69. Let u be n(-14). Suppose 0 = -u*k + 25*k - 370. What are the prime factors of k?
37
Let y = -33223 - -54608. What are the prime factors of y?
5, 7, 13, 47
Suppose -52*z + 18*z = 26*z - 514980. List the prime factors of z.
3, 2861
Let j = -6062 + 11478. List the prime factors of j.
2, 677
Let m(a) = -2*a**3 - 24*a**2 + 12*a + 5. Let o be m(-13). Suppose 0 = 194*i - o*i - 1372. What are the prime factors of i?
2, 7
Suppose -80*v - 86*v + 2962880 = 22*v. What are the prime factors of v?
2, 5, 197
Suppose 4*i + 3*d + 4 = 6*d, 10 = -3*i + 4*d. Suppose -i*k + 167 + 45 = 0. List the prime factors of k.
2, 53
Let y = 58321 + -26503. List the prime factors of y.
2, 3, 5303
Suppose 0 = 15*s + 6*s + 13*s - 42364. What are the prime factors of s?
2, 7, 89
Let h = -3182 - -5473. What are the prime factors of h?
29, 79
Suppose -3*u + 20964 = 2*n, -2*n + 142*u - 147*u = -20968. List the prime factors of n.
3, 7, 499
Suppose -92*p = -17*p - 677700. What are the prime factors of p?
2, 3, 251
Suppose 4*f - 14*f = 10*f - 103260. What are the prime factors of f?
3, 1721
Let y be 3 + (-72)/20 + 2234/(-10). Let m = -9 - y. List the prime factors of m.
5, 43
Suppose 0 = 3*u - 121*u + 545396. List the prime factors of u.
2, 2311
Suppose 3*o + 14 = 29. Suppose 0 = -o*w + 15*w - 5010. What are the prime factors of w?
3, 167
Let y(d) = 25 + 29*d**2 + 99 + 9*d - 119 - 10*d**2 - 4*d. Suppose 2*j + 2*o = -j - 8, -o = 1. What are the prime factors of y(j)?
71
Let t = 6 - 0. Let g(o) = -35*o + 0 + 15*o + 18*o - 2*o**3 + 15*o**2 + 8. What are the prime factors of g(t)?
2, 13
Suppose 0*v + 4 = v. Suppose v*w + 4*h + 8 = 2*w, -4*h - 8 = 4*w. Suppose g = -w*l - 5*l + 467, l - 87 = 3*g. List the prime factors of l.
3, 31
Let o(q) = 60*q - 93 - 104 - 8*q - 16. List the prime factors of o(19).
5, 31
Suppose p + d = -3, -3*p + 2*p + 5*d = -27. Let u be 3/2*p/(-3)*-1. List the prime factors of (61/u)/(0 - -1).
61
Let t be ((-8)/16)/(1 - (-261)/(-262)). What are the prime factors of (((-28)/(-7))/4)/((-1)/t)?
131
Suppose -l + 3*l = 2*o + 93466, 2*l + 3*o - 93511 = 0. List the prime factors of l.
2, 23371
Suppose 0*m = -2*m. Suppose m = -5*b - 5*z + 15, 3*b + 12 = 7*b - 2*z. List the prime factors of 30*(b - 5/2).
3, 5
Let l(n) = -n**3 + n + 269*n**2 - 265*n**2 + 5*n. Let m be l(5). Suppose -j + m*j - 44 = 0. List the prime factors of j.
11
Suppose 5*b - 49981 = 13723 - 2389. What are the prime factors of b?
12263
Let w(m) = 3*m**2 - 67*m - 623. List the prime factors of w(60).
47, 131
Suppose 2*x + 9 = 19. Suppose -2*p - 61 = -x*a, 4*a - 15 = -2*p + 41. Let n(c) = c**3 - 13*c**2 + 4*c - 13. List the prime factors of n(a).
3, 13
Suppose 5*d + 6*d + 10*d - 890652 = 0. What are the prime factors of d?
2, 23, 461
Suppose -2*l + 8*l = -9120. Let k be 3*l/(-4)*1/3. Suppose 5*d = 0, -k = -0*t - 5*t + 4*d. List the prime factors of t.
2, 19
Let o be (26460/(-26))/(-2) - 26/(-169). Let f = o - 314. What are the prime factors of f?
3, 5, 13
What are the prime factors of 6210/(-2415)*2*69076/(-6)?
2, 3, 2467
Suppose 3*o + 4*t = -1, -o + 0 = 4*t + 11. Suppose -o*i - 2*y + 883 + 1081 = 0, 0 = i + 4*y - 382. Let m = i - 270. List the prime factors of m.
2, 31
Let l(u) = -90 + 5*u + 2*u - 9*u + 2*u**2 + 23*u. List the prime factors of l(11).
383
Suppose 3*l - 6 = 81. Let y = -6467 - -6363. Let q = l - y. What are the prime factors of q?
7, 19
Let c be 72/(-27) + (1 - 14/6). Let n be 7 + 6/3 + c. Suppose -n*l - 182 + 602 = 0. What are the prime factors of l?
2, 3, 7
Let f be -5 - 1 - -7 - -2709. Suppose 4*n - 62 - f = 0. What are the prime factors of n?
3, 7, 11
Let r(l) = 2428*l**2 + 64*l + 124. List the prime factors of r(-2).
2, 3, 809
Let k = 9 + -13. Let t(n) = -40*n + 53. What are the prime factors of t(k)?
3, 71
Suppose -4*y - 2*l = 149 + 111, 5*y = 3*l - 347. List the prime factors of 3 + y*(-8 - -3).
2, 13
Let z = -2 - -3. Suppose -29*f = -43*f. What are the prime factors of f - (z + -46 + 3)?
2, 3, 7
Let n = -6343 - -15271. List the prime factors of n.
2, 3, 31
Suppose 0 = 4*f + 6656 - 16408. List the prime factors of f.
2, 23, 53
Let v(d) = 7*d + 11. Let s be v(-1). Suppose -511 = -s*b - 0*l - 3*l, 3*l + 605 = 5*b. List the prime factors of b.
2, 31
Let g(a) = 245*a**3 - 5*a**2 - a + 36. W